Calculate -3 - (-2 + (4 - 4) + -2).
1
What is -3 - (0 - ((1 - 2) + 3))?
-1
Evaluate -11 + (1 + 5 - 0).
-5
What is 3 + (-2 - -1) - 3?
-1
0 - (4 + -6 - 1)
3
Evaluate 5 + (6 - (17 + (-9 - -6))).
-3
What is the value of (0 - 1) + -28 + 27?
-2
Calculate (-10 - -7) + 3 + -5.
-5
2 + (1 - 12 - -9)
0
(0 - 4) + (15 - 8) + -1
2
What is the value of -1 + -3 - (-4 - -4 - 3)?
-1
Evaluate -4 + 0 + 7 + 2.
5
Calculate 2 - (1 + (-6 - -7) - -1).
-1
Calculate 4 + (-4 - -1) - 2.
-1
1 - (4 - (3 + -2))
-2
7 + -1 - 10 - -5
1
Calculate -5 + 5 - (-3 - -4).
-1
What is 4 + -4 + -2 + 1 - 2?
-3
What is the value of 5 - (17 + -10 - 3)?
1
5 + -5 + 3 + -5
-2
Evaluate -1 - (-4 + 5) - -5.
3
Evaluate (-2 - -2) + (4 - (-3 + 9)).
-2
What is the value of 0 - (8 - 0 - 1)?
-7
Evaluate 9 + 6 + -8 + -1.
6
Calculate 7 + -5 + (-2 - (-9 + 4)).
5
Calculate -15 + (-5 - -7) - (-10 - -4).
-7
What is the value of 6 - 2 - (0 - 0)?
4
What is (1 - -1) + 1 + (-4 - 1)?
-2
What is the value of 2 + 3 + -2 + -2?
1
What is -1 + -1 + (-3 - (-1 - 3))?
-1
Evaluate 127 + -133 + 0 + 12.
6
Calculate -1 + -3 + 4 + 2.
2
Calculate -7 + (2 - 5) + 19.
9
What is (4 - 6 - 5) + 9 - -5?
7
What is the value of 8 + -2 + (2 + -3 - 1)?
4
Calculate 12 - (1 - -1) - 7.
3
What is 0 + -5 + 24 + -22 - -7?
4
What is 5 + (6 - (12 - 5)) + 2?
6
Calculate (2 - (1 - 0)) + 97 + -93.
5
Evaluate 3 + 0 + 4 + (3 - 5).
5
Evaluate 7 + -4 + (4 - 3) + 3.
7
Evaluate (8 - 3) + -2 - 5.
-2
Calculate 4 - ((0 - -1) + -1).
4
Calculate 5 - (-6 + 8 + -5 + -1).
9
What is the value of -5 + -7 + 7 - -5?
0
What is 2 - (1 + 0 + 2)?
-1
Evaluate 0 - (2 - (4 + 3)).
5
-6 + (-6 - (-13 + 6))
-5
-1 - 2 - (-9 + 6 + -3)
3
What is -9 - (7 - (13 - 5))?
-8
Calculate (1 - 1) + 1 + 0 - -1.
2
4 - (-4 + 21) - -7
-6
Evaluate -4 - (2 + -1 - 8 - 0).
3
What is the value of -10 - -3 - ((11 - 7) + -8)?
-3
Evaluate -7 + 2 + (3 + -4 - -3).
-3
What is -2 + 12 + -4 + -5 - 4?
-3
Evaluate -2 - (-3 + 1) - (-5 + 6).
-1
Calculate 5 - 0 - (-1 - (-3 + 0)).
3
Evaluate 0 - (0 - (0 - 4)) - -6.
2
Calculate -2 - -4 - -1 - -1.
4
Evaluate (4 + -2 - 3) + -26 + 29.
2
2 - (-1 - (1 + 0) - 0)
4
What is -5 + 1 + (-2 - 3 - -11)?
2
1 - (2 - (-11 + 19))
7
What is the value of -6 + -13 + 22 + -6 + 0?
-3
5 + (-8 - (-3 + -5 + 4))
1
Evaluate 32 + -38 + 9 + (-3 - -1).
1
What is the value of 2 - (-2 + -3 + (8 - 3))?
2
(-6 - (-5 - -7) - -4) + 3
-1
-4 - (1 - (-1 - -5)) - -3
2
Evaluate 1 + -11 + 65 + -63.
-8
What is the value of (-3 - (-5 + 0)) + (1 - 4)?
-1
What is the value of -1 - 0 - (-3 + 7 + 0)?
-5
Evaluate -1 - 0 - -2 - (1 - 0).
0
Evaluate -1 + 2 + -4 - (-39 + 40).
-4
Calculate -1 + -1 - (0 + -6).
4
What is 3 + (-2 + 8 - (-18 - -22))?
5
Calculate -2 - -10 - 4 - 5.
-1
What is the value of -5 + 5 + -4 - -5?
1
2 + -4 + (0 - 3)
-5
-6 - (7 + (2 - 19))
4
What is 2 + 1 + (-7 - -2)?
-2
Calculate -16 + (8 - -2) - (1 - 0).
-7
Calculate -10 + 7 - -6 - (-2 + 6).
-1
Evaluate 4 - 1 - (1 + (6 - 0)).
-4
(4 - (2 + 1)) + -2
-1
Calculate -1 + -7 + (-17 + 10 - -10).
-5
-3 + (-4 - (-4 + -5))
2
0 + -23 + 24 + -1 + 4
4
What is the value of 2 + 6 + -2 + -2?
4
75 + -68 - (-1 - -11) - -3
0
What is the value of 16 - 20 - (0 + 0)?
-4
Calculate -1 - (-12 - -4 - -3).
4
What is the value of (7 - (-4 - -9)) + 1?
3
4 - (-4 + 2 - -7)
-1
-6 - (-1 - (5 - -2) - -4)
-2
(24 - 24) + (-1 - -1) + 3
3
Calculate 0 + -9 + 17 + -9.
-1
What is -9 - (0 - (-1 - (-6 - -3)))?
-7
What is 12 + (12 + -18 - 4)?
2
Calculate (1 - -2 - 7) + 10 - 14.
-8
Evaluate -4 + (-1 - (-7 - -6)).
-4
Calculate 7 - (-1 + -3 + (-2 - -8)).
5
What is 4 - (5 - ((-7 - -2) + 2))?
-4
Calculate -76 + 71 + (1 - -1).
-3
Evaluate (0 - 4) + (2 - 2).
-4
3 + (9 - 7) - 0
5
Calculate (1 - 5) + -6 + 4 + 6.
0
What is the value of -29 - -20 - (-2 + -4 - -2)?
-5
Evaluate -5 + -8 + 4 + 5.
-4
781 + -776 + 0 + -1 + -1
3
-4 - -8 - (6 - 4)
2
(-3 - -2) + -5 + 6
0
Evaluate 13 + -4 + -5 + -2.
2
7 + (-1 - 0) + -11
-5
Calculate 7 - (3 + (1 - 0 - 2)).
5
What is 2 - (8 - (7 - 3))?
-2
Calculate 0 - (2 + (-6 - 0)).
4
-10 - (-18 - (13 - 21))
0
What is the value of -6 - -14 - (-3 + 4 - -7)?
0
5 - 10 - (-1 + -14 + 7)
3
Calculate -3 - (1 + (-5 - -4)).
-3
Evaluate 24 + -22 + (3 + -5 - -2).
2
What is the value of -7 + (10 - (-1 + 1))?
3
Evaluate -6 + 0 + (3 - (8 + -3)).
-8
Calculate -2 + 0 + 1 + -6 + 7.
0
What is the value of -1 - (2 + -2 - (-5 + 3))?
-3
(4 - -1) + -8 + -1 + -2
-6
Evaluate (1 + -2 - (-4 - 0)) + -8.
-5
(-10 - -5) + 13 + -6
2
What is (-10 - -10) + -2 + (3 - 6)?
-5
Calculate 6 + -5 + -6 - -5.
0
What is the value of -4 - (-2 + 4 + 0 + 0)?
-6
What is the value of 1 - (-3 + 3 - -4)?
-3
What is the value of 0 - (-4 + 6 + 2)?
-4
What is 3 - -2 - (-19 + 4 + 12)?
8
What is 1 + 5 + (4 - 11) + 5?
4
What is the value of -3 + -1 + (2 - 3 - -2)?
-3
Evaluate -2 + 5 - 8 - (-12 + 2).
5
What is (-4 - (-8 - -9)) + 9?
4
Evaluate (-36 - -38) + 1 + -1.
2
Evaluate -4 + (5 - 10 - -11).
2
What is the value of 2 - (2 + 1 - (2 - -2))?
3
Evaluate 1 - (0 + 1) - (-1 + -3).
4
Evaluate (-1 - -3) + 1 + -7 + 0.
-4
1 - (-5 + 6 + -2)
2
What is 1 + 4 + -4 + 1?
2
What is 1 - -1 - (41 - 36)?
-3
4 + -9 + (-1 - -7)
1
Calculate -3 - -1 - -2 - 2.
-2
What is 5 - (-12 + 6 - (4 - 14))?
1
Evaluate 2 + -11 + -1 - -5.
-5
Calculate -10 + 5 + 7 + 2.
4
Calculate (-1 - -2) + (-3 - 3) - 4.
-9
What is 2 + -7 + 4 - 4?
-5
Calculate 1 + -1 - (15 + -12).
-3
-2 + 3 - (-2 + -1)
4
5 - ((-2 - -3) + 3)
1
Calculate 0 + (-2 - ((-2 - -2) + 0)).
-2
What is the value of 2 + (1 - 3 - (-3 - -4))?
-1
What is -4 + 1 + (0 - (2 + 1))?
-6
-4 + -3 + 5 + (1 - -1)
0
What is 4 - (6 + -2) - (-2 - -6)?
-4
What is -1 + 2 + -6 + 1?
-4
0 + -1 - ((14 - 4) + -5)
-6
(4 - (12 - 7)) + -2 + 0
-3
What is -9 + (-9 - -8) + -6 + 6?
-10
What is -5 + 6 + (0 - -10) - 7?
4
What is the value of -2 - (-3 + 9 - 3) - -7?
2
Evaluate (-3 - -8) + (-3 - 0) - 4.
-2
What is -1 + (-4 - -3) - (-8 + 9)?
-3
Calculate 1 + 2 + -4 + (2 - -1).
2
What is 7 + (-7 - (7 + -7))?
0
What is 6 - (11 + -3) - (1 - 1)?
-2
What is -1 + 0 - (4 - (3 + -2))?
-4
28 + -11 + -14 - 11
-8
What is the value of -3 + 4 + -2 + 3 + -4?
-2
Calculate (-8 - (1 + -1)) + 4.
-4
0 - (2 - (-1 - 1) - 2)
-2
Calculate 4 + -7 - (1 + -3).
-1
1 + (-5 - 3) + -1 + 5
-3
6 + -6 - (-7 - (-8 - -4))
3
Calculate (-1 - 3) + 3 + 0 - 3.
-4
What is (-6 - -7) + 2 + 2 + -5?
0
What is the value of 21 + -14 + (-1 - 3 - -8)?
11
Evaluate 0 + 1 + (-4 - -6) + 0.
3
What is 4 - -2 - (-2 + 3)?
5
What is the value of 6 + 0 + -19 + 9?
-4
4 - 10 - (-2 + -9)
5
Evaluate 9 - (-6 + 15 - 6).
6
What is -2 + 5 + 1 + -3?
1
Calculate -5 + -2 - -4 - 1.
-4
Calculate 4 + (-2 - 5) + 1.
-2
Evaluate (-7 - (-4 + 0)) + 9 - 1.
5
Calculate (0 - (1 + -7)) + -4.
2
Calculate 1 - (-4 + (4 - 3)).
4
Calculate 2 - (-3 + 2 - -5).
-2
Calculate 2 - (-2 + 4) - (-2 - 0).
2
Calculate -1 + -8 + 3 - 1.
-7
0 - (-5 + 2 - (1 - 1))
3
Evaluate 4 - (3 + -2 + 7).
-4
Calculate (1 + -6 + 2 - -8) + -1.
4
What is 5 - ((-2 - -2) + 0)?
5
Calculate -3 + -4 + 7 - 2.
-2
What is the value of (-5 + 15 - 4 - -1) + -6?
1
-1 - (-10 - -1) - (2 - 0)
6
What is -5 + 3 + 2 + -1?
-1
What is the value of (-16 - -17 - (-1 + 1)) + -3?
-2
Calculate -4 + 2 - -8 - 1.
5
What is -6 + -10 + 12 + 1?
-3
Calculate 4 + 7 + (-7 - 0).
4
Calculate 1 + 2 + 2 + (24 - 25).
4
Calculate 0 + (2 - (1 + -3) - 3).
1
What is -2 + (3 - 4) - -1?
-2
What is -3 + (-10 - (9 + -22))?
0
Calculate 2 + (-7 - 2 - -5) - -2.
0
What is the value of -5 - 2 - (-15 + 16)?
-8
Evaluate -2 - -5 - (1 + 3).
-1
(1 + 6 - (-30 + 35)) + -5
-3
What is (-3 + -2 - -5) + -5?
-5
What is the value of (0 + -4 - -3) + 2?
1
Calculate 3 + (3 + -1 + -3 - -3).
5
1 + (5 - (6 - 4)) + -3
1
Calculate -10 - (9 + -15) - (-1 - 0).
-3
Evaluate -8 - (5 + (-9 - 0)).
-4
What is 10 - (9 - 2) - 13?
-10
3 - (5 + 1 + -9 - -4)
2
Evaluate -2 - (1 - 4 - -5).
-4
What is the value of -5 + 3 + 4 + -2 + 0?
0
What is -4 - (1 + 0) - -5?
0
What is (2 - (7 + 0)) + -17 + 25?
3
What is -9 + 13 - (2 + 1 - 0)?
1
Evaluate -1 + 3 - (-27 + 31).
-2
What is the value of -6 + (-7 - -6) + 9?
2
Evaluate (1 - 4) + -17 + 27 + 1.
8
Calculate (1 - -10) + 19 + -24 + -6.
0
Calculate (-2 - 1) + (31 - 31) + 0.
-3
-1 + (5 - 10) - -2
-4
Calculate (10 + -13 - -11) + -12.
-4
What is 3 - (2 + 0 - (1 - 5))?
-3
Calculate -3 + -6 - (-5 + -4 + 4).
-4
What is the value of -16 - (-27 + 12 - -7)?
-8
Calculate -6 + 3 + 2 + 1 - -3.
3
(4 - (6 + -3)) + 43 